ivided by k(-13)?
2
Let b(a) = -a**2 + 11*a + 11. What is the remainder when b(8) is divided by 22?
13
Let h = 18 - 10. Let q(x) = -x**3 + 6*x**2 - 4*x. Suppose 0 = -4*l - 5*z + 20, 3*z + 17 - 2 = 3*l. Calculate the remainder when h is divided by q(l).
3
Suppose 38*v = 45*v - 728. Calculate the remainder when 1351 is divided by v.
103
Let c(w) = 48*w**2 - 5*w + 5. Let q be c(4). Suppose 2*i - 3*i - 4*p + 155 = 0, -q = -5*i + 2*p. Calculate the remainder when i is divided by 38.
37
Let c(s) = -s. Let m(g) = 6*g - 7. Let p(w) = -5*c(w) - m(w). Calculate the remainder when p(-6) is divided by 7.
6
Let v = 67 - 79. Calculate the remainder when (-1305)/v + (-1)/(-4) is divided by 37.
35
Let c = 102 - 17. Let v(m) = -2*m + 6. Let o = -14 - -6. Calculate the remainder when c is divided by v(o).
19
Suppose 0 = v + 22*v - 598. Calculate the remainder when 51 is divided by v.
25
Let q = 537 + -522. Let i = 7 + -3. Calculate the remainder when q is divided by i.
3
Let t(f) be the second derivative of 23*f**4/12 + f**3/6 + f**2 + 5*f. What is the remainder when 95 is divided by t(-1)?
23
Let y(n) = -n**2 + 8*n - 7. Let f = 9 - 5. What is the remainder when (-6)/(-8) + 465/20 is divided by y(f)?
6
Let a be (-18)/(-3)*3/(-9)*-43. Let f = 5 - 1. Suppose -2 = -f*c + a. Calculate the remainder when c is divided by 12.
10
Suppose 0 = f + 3, -4*y = -4*f - 24 - 4. Suppose -100 = -y*h + 4*m, 3*h + h + m = 115. What is the remainder when 166 is divided by h?
26
Suppose 0 = 11*v - 15*v. Calculate the remainder when 7*7 + -1 + 3 is divided by (-3)/(v + (84/(-26) - -3)).
12
Suppose -35 = -3*h - a, 6*h - h + 3*a - 65 = 0. Let p be -2*1*3/(-2). Let u(t) = 2*t**3 - 4*t**2 + 2*t + 4. Calculate the remainder when u(p) is divided by h.
8
Let f(t) be the first derivative of 43*t**3/3 - t**2/2 + 6*t - 13. Calculate the remainder when f(2) is divided by 59.
58
Suppose -k + 33 = -2*r - 5, 3*r + 56 = 2*k. Let b(x) = x**2 + 14*x - 4. Let a be b(-14). Calculate the remainder when 114/a*r/15 is divided by 14.
10
Let f = 907 + -875. Suppose -4*l = l - 15. Let w = 10 - l. Calculate the remainder when f is divided by w.
4
Let z = -192 - -222. What is the remainder when 79 is divided by z?
19
Let j = -33 - -46. Suppose -8*c - 37 = -13*c - 3*l, 3*c - 7 = 2*l. Calculate the remainder when j is divided by c.
3
Let v = -1311 + 1318. Let c = -51 + 98. Calculate the remainder when c is divided by v.
5
Let p be (-1 + 2)/(3/3). Let g(b) = -b**2 + b + 1. Let j(h) = -5*h**2 + 12*h + 18. Let c(u) = p*j(u) - 6*g(u). What is the remainder when c(-6) is divided by 5?
2
Suppose -4*t + 296 = d - 0*d, 3*d - 5*t - 854 = 0. What is the remainder when d is divided by 73?
69
Suppose -3*s + 7*w - 4*w = -7674, 0 = 2*s - 5*w - 5128. Suppose 12*h + 694 = s. What is the remainder when h is divided by 39?
38
Let l(r) = r**2 - 4*r - 3. Let g = 1377 + -1342. What is the remainder when g is divided by l(-3)?
17
Suppose -5*x - 5*k + 105 = 0, 3*x - 32 = 5*k + 63. Suppose 0 = -y - 0*y - 5*s + 217, 0 = s + 1. Calculate the remainder when y is divided by x.
22
Suppose 24*r = 26*r - 130. What is the remainder when r is divided by 24?
17
Let a(h) = 38*h - 44. Calculate the remainder when 88 is divided by a(2).
24
Suppose 0 = 37*a - 2667 + 817. What is the remainder when a is divided by 32?
18
Suppose 38*c + 765 - 2665 = 0. Calculate the remainder when c is divided by 13.
11
Let o(s) = -s + 1. Suppose 5*c + 3 = 18. Let x be o(c). Calculate the remainder when 9 is divided by (-28)/(-8) - x/4.
1
Suppose -4*a + 10 = -2*b, -2*b = 4*a - 0*b + 2. Let n(j) = 12*j - 1. What is the remainder when n(a) is divided by ((-24)/20)/(6/(-15))?
2
Suppose 3*z = z - 2*h + 404, 0 = -2*z - 5*h + 404. Let r = -40 + 91. What is the remainder when z is divided by r?
49
Suppose -q + 8 = 5. Suppose 2*w - 78 = 4*h, q*w = 5*h + 40 + 82. Calculate the remainder when w is divided by (-1)/(24/26 - 1).
10
Let o(c) = 2*c**3 - 3*c**2 + 3*c - 1. Let g = 691 + -672. Calculate the remainder when o(3) is divided by g.
16
Suppose -3*t + 6*t + 4*c - 1077 = 0, -5*t + 2*c + 1795 = 0. Calculate the remainder when t is divided by 92.
83
Suppose -5*w - 24*x = -19*x - 80, 4*x - 79 = -5*w. Calculate the remainder when 54 is divided by w.
9
Let g = -341 + 400. What is the remainder when g is divided by 9?
5
Let z(x) = -2*x**3 + x**2 + 9*x + 28. Let f(d) = -d**3 + 4*d + 14. Let t(b) = 13*f(b) - 6*z(b). Calculate the remainder when t(-7) is divided by 39.
38
Suppose -3*k + 24 + 24 = 0. Let t(f) = 8*f - 2. What is the remainder when t(8) is divided by k?
14
Suppose 2*m + 9 = -d + 3, m - 4 = -4*d. Let b(p) = p**2 - 5*p + 2. Let k be b(d). What is the remainder when (-47)/(-2) + 2/k is divided by 6?
5
Let l(b) = -b**3 - 11*b**2 - 8*b - 37. Calculate the remainder when 117 is divided by l(-11).
15
What is the remainder when (65/(-10) - -2)/((-2)/68) is divided by 20?
13
Calculate the remainder when 1 - (-24)/(-28) - (-2933)/49 is divided by 33.
27
Suppose 0*o + 4*o - 186 = -5*f, 0 = 2*o - 5*f - 78. Suppose -3*a + 8*a - 60 = 0. What is the remainder when o is divided by a?
8
Let u(k) = -k**3 + 10*k**2 - 5*k - 13. Suppose -3*c - 11 = -35. What is the remainder when u(c) is divided by 20?
15
Calculate the remainder when 28 is divided by 5 + 2 + -77 + 85.
13
Let f(a) = -4*a - 10. Let y be f(-3). Suppose 2*c - 4*p = c + 69, 0 = y*c + 3*p - 83. Calculate the remainder when c is divided by 13.
10
Let x = -28014 - -28036. Calculate the remainder when x is divided by 3/(6/32) - 2.
8
Suppose 0 = -6*r - 42 - 18. Let l(j) = -3*j - 5. Calculate the remainder when l(r) is divided by 13.
12
Suppose 335 = 5*v - 135. What is the remainder when v is divided by 33?
28
Suppose -3*w + 714 = 3*w. What is the remainder when w is divided by 33?
20
Let s be ((-18)/(-3))/(3/2). Suppose 7*c - 12*c = -4*a - 590, -3*c + s*a + 346 = 0. What is the remainder when c is divided by 21?
17
Let w(p) = -p**3 + 6*p**2 + 3*p + 3. Suppose h = 5*m - 76, -4 + 0 = m - 5*h. What is the remainder when w(4) is divided by m?
15
Suppose k + b - 28 = -k, 5*k - 70 = 2*b. Calculate the remainder when 218 is divided by k.
8
Let n be 3/6*-2 - (1 + 3). Let a(w) = 2*w + 14. Calculate the remainder when 5 is divided by a(n).
1
Suppose 39 = 7*n + 4. What is the remainder when 24 is divided by n?
4
Let t(n) = -2*n - 2. Suppose 5 + 16 = 3*q. Let h be t(q). Let k = 36 + h. Calculate the remainder when k is divided by 8.
4
Let a(d) = d**2 + 26*d - 12. What is the remainder when a(25) is divided by 16?
15
Let y(q) = q**2 + 4*q + 5. Let b be (-1 - 1) + (4 - 0). Let s be (-2 - 4/b) + -1. Calculate the remainder when 38 is divided by y(s).
8
Let v = 325 - -70. Calculate the remainder when v is divided by 33.
32
Suppose 5*a - 13 - 252 = 0. Suppose 0 = -5*m - 3*q + 6, 0 = -5*m + 2*q + 27 - 6. Suppose m*b = 16 + 26. Calculate the remainder when a is divided by b.
11
Calculate the remainder when 34 is divided by 14*4/196 + (-52)/(-14).
2
Suppose 4*s - 2165 = -5*m, -2*s + 1989 = 3*m + 688. What is the remainder when m is divided by 74?
67
Suppose 0 = x + 3*l - 29, 0*l - 3*l + 105 = 3*x. Let f(h) = h - 2. Let w be f(-5). Let d = w + x. What is the remainder when 122 is divided by d?
29
Let u be 0 - -4 - 1 - 0. What is the remainder when (1 - 25/u)*-21 is divided by 40?
34
Suppose 8*f + 6*f = 28. Suppose -f*m = -3*k - 44, 5*m - 121 = k - 37. What is the remainder when 62 is divided by m?
14
Let o = -7 + 10. Let p = 10 + o. Suppose 3*w + 10 = 3*n + 85, 4*w - 76 = -4*n. Calculate the remainder when w is divided by p.
9
Let g(a) = -2*a**3 - 71*a**2 - 105*a - 83. What is the remainder when -2 + 54 - (1 + 0) is divided by g(-34)?
13
Let q(u) = u**3 + 14*u**2 + 10*u - 6. Let g = 2 + -6. Calculate the remainder when q(-13) is divided by (6/g)/(3/(-24)).
9
Suppose -12*o = -58*o + 2714. What is the remainder when o is divided by 13?
7
Let x(m) = 15*m - 14. Let f be x(-6). Let y be (-7410)/(-50) + 2/(-10). Let t = y + f. Calculate the remainder when t is divided by 23.
21
Let y(u) = -11*u - 43. Calculate the remainder when y(-8) is divided by 17.
11
Suppose -46*t + 51*t = 485. Calculate the remainder when t is divided by 35.
27
Suppose 0 = -8*y + 4*y + 24. What is the remainder when (-2)/y - (-556)/12 is divided by 17?
12
Let g(x) = -2*x - 20. Let s b